{"id":878,"date":"2021-11-15T10:54:35","date_gmt":"2021-11-15T10:54:35","guid":{"rendered":"https:\/\/www.ugb.ro\/?page_id=878"},"modified":"2025-05-14T12:03:18","modified_gmt":"2025-05-14T12:03:18","slug":"specializarea-managementul-institutiilor-prestatoare-de-servicii-sociale-si-de-sanatate","status":"publish","type":"page","link":"https:\/\/www.ugb.ro\/index.php\/studii-2\/studii-postuniversitare\/specializarea-managementul-institutiilor-prestatoare-de-servicii-sociale-si-de-sanatate\/","title":{"rendered":"Specializarea Managementul institu\u021biilor prestatoare de servicii sociale \u0219i de s\u0103n\u0103tate"},"content":{"rendered":"\n<blockquote class=\"wp-block-quote is-style-default is-layout-flow wp-block-quote-is-layout-flow\">\n<p>Coordonator program: <strong>Conf. univ. Dr. Radu FLOREA<\/strong><\/p>\n\n\n\n<p>Domeniul de licen\u0163\u0103 pe care se fundamenteaz\u0103 programul de studii: <strong>Management<\/strong><\/p>\n\n\n\n<p>Domeniul fundamental:<strong> Management<\/strong><\/p>\n\n\n\n<p>Calificarea&nbsp; universitar\u0103 pe care se fundamenteaz\u0103 programul de studii: <strong>Management cod RNCIS 92<\/strong><\/p>\n\n\n\n<p>Durata studiilor\/ num\u0103r de credite: <strong>1 semestru \/ 20 credite<\/strong><\/p>\n\n\n\n<p>Forma de \u00eenv\u0103\u0163\u0103m\u00e2nt: <strong>\u00cenv\u0103\u021b\u0103m\u00e2nt cu frecven\u021b\u0103 (IF)<\/strong><\/p>\n<\/blockquote>\n\n\n\n<div class=\"wp-block-buttons is-layout-flex wp-block-buttons-is-layout-flex\">\n<div class=\"wp-block-button\"><a class=\"wp-block-button__link wp-element-button\" href=\"https:\/\/admitere.ugb.ro\/inscriere-online\">Inscrie-te online &#8211; Admitere 2025<\/a><\/div>\n<\/div>\n\n\n\n<p><\/p>\n\n\n\n<p><strong>Justificarea oportunit\u0103\u0163ii \u00eenfiin\u0163\u0103rii programului de studii<\/strong><\/p>\n\n\n\n<p>Pia\u021ba serviciilor sociale a cunoscut o dezvoltare intens\u0103 \u00een ultimii ani. Apari\u021bia de furnizori noi de servicii, precum \u0219i de programe noi de servicii, a impus necesitatea reglement\u0103rii acestora. Astfel, prin apari\u021bia Legii nr. 197\/2012 privind asigurarea calit\u0103\u021bii \u00een domeniul serviciilor sociale \u0219i a HG nr. 867\/2015 privind aprobarea Nomenclatorului-Cadru de organizare \u0219i func\u021bionare a serviciilor sociale, au fost stabilite standardele minimale de calitate pe care un furnizor de servicii sociale acreditat trebuie s\u0103 le \u00eendeplineasc\u0103 pentru a putea oferi servicii sociale licen\u021biate.<\/p>\n\n\n\n<p>Apreciem astfel, c\u0103 dezvoltarea \u0219i reglementarea pie\u021bei furnizorilor de servicii sociale \u0219i socio-medicale impune ca resursele umane implicate \u00een conducerea \u0219i administrarea acestor institu\u021bii furnizoare s\u0103 dob\u00e2ndeasc\u0103 noi competen\u021be pentru a r\u0103spunde prompt \u0219i eficient provoc\u0103rilor din demeniul serviciilor sociale \u0219i de s\u0103n\u0103tate.<\/p>\n\n\n\n<p><strong>Misiunea \u015fi Obiectivele strategice ale programului<\/strong><strong><\/strong><\/p>\n\n\n\n<p>Programul de studii postuniversitare <strong><em>Managementul institu\u021biilor prestatoare de servicii sociale \u0219i de s\u0103n\u0103tate<\/em> <\/strong>are ca misiune general\u0103formarea de personal calificat cu preg\u0103tire multidisciplinar\u0103 \u00een domeniul administrarea \u0219i gestionarea serviciilor sociale \u0219i de s\u0103n\u0103tate, \u00een sectorul public guvernamental, non-guvernamental sau independent.<\/p>\n\n\n\n<p>Programul de studii postuniversitare \u00ee\u015fi propune \u00een acest sens \u00eendeplinirea urm\u0103toarelor deziderate:<\/p>\n\n\n\n<ul class=\"wp-block-list\">\n<li>satisfacerea cererilor de personal calificat \u00een domeniul <a>managementului <\/a><a>institu\u021biilor sociale \u0219i de s\u0103n\u0103tate<\/a> solicitat pe pia\u0163a for\u0163ei de munc\u0103 \u00een contextul actual;<\/li>\n\n\n\n<li>identificarea celor mai bune mijloace, solu\u0163ii \u00een domeniul managementului institu\u021biilor sociale \u0219i de s\u0103n\u0103tate;<\/li>\n\n\n\n<li>abordarea \u00eentr-o manier\u0103 interdisciplinar\u0103 at\u00e2t a noilor modific\u0103ri legislative, precum \u015fi a noilor reglement\u0103ri aplicabile \u00een institu\u021biilor sociale \u0219i de s\u0103n\u0103tate;<\/li>\n\n\n\n<li>cre\u015fterea general\u0103 a eficien\u0163ei activit\u0103\u0163ilor din domeniul serviciilor sociale \u0219i de s\u0103n\u0103tate, prin accentuarea competen\u0163ei manageriale.<\/li>\n<\/ul>\n\n\n\n<p><strong>GRUPUL \u0162INT\u0102<\/strong><\/p>\n\n\n\n<p>Grupul \u0163int\u0103 este format din:<\/p>\n\n\n\n<ul class=\"wp-block-list\">\n<li>absolven\u0163i cu diplom\u0103 de licen\u0163\u0103 care lucreaz\u0103 \u00een domeniul serviciilor sociale \u0219i de s\u0103n\u0103tate;<\/li>\n\n\n\n<li>\u015ftiin\u0163e economice, administra\u0163ie public\u0103\/european\u0103, drept \u015fi absolven\u0163i cu diplom\u0103 de licen\u0163\u0103 ai altor domenii interesa\u0163i de domeniul serviciilor sociale \u0219i de s\u0103n\u0103tate;<\/li>\n\n\n\n<li>absolven\u0163i cu diplom\u0103 de licen\u0163\u0103 \u00een domeniul asisten\u021b\u0103 social\u0103, psihologie, medicin\u0103 care urmeaz\u0103 sau se preg\u0103tesc pentru o carier\u0103 \u00een administrarea \u0219i gestionarea serviciilor sociale \u0219i de s\u0103n\u0103tate.<\/li>\n<\/ul>\n\n\n\n<p>De altfel, Universitatea \u201cGeorge Bacovia\u201d din Bac\u0103u a primit solicit\u0103ri din partea absolven\u0163ilor pentru \u00eenfiin\u0163area acestor cursuri postuniversitare, \u0163in\u00e2ndu-se cont de necesarul de formare \u015fi perfec\u0163ionare \u00een domeniul managementului institu\u021biilor sociale \u0219i de s\u0103n\u0103tate.<\/p>\n\n\n\n<p><strong>Competen\u0163e VIZATE DE PROGRAMUL DE STUDII<\/strong><\/p>\n\n\n\n<p>C3. Elaborarea \u015fi implementarea sistemului managerial \u015fi a subsistemelor sale (alocare \u015fi realocare de resurse \u015fi activit\u0103\u0163i)<br>C4. Identificarea, selectarea \u015fi utilizarea modalit\u0103\u0163ilor de previzionare, organizare, coordonare, antrenare \u015fi control-evaluare<\/p>\n\n\n\n<p><strong>CON\u0162INUTUL \u015eI DURATA PROGRAMULUI<\/strong><\/p>\n\n\n\n<p><em>Tipul programului: formare<\/em><\/p>\n\n\n\n<p>Forma de \u00eenv\u0103\u0163\u0103m\u00e2nt: cu frecven\u0163\u0103 (IFR)<\/p>\n\n\n\n<p>Durata programului: 4 luni (3 luni cursuri &nbsp;&#8211; 222 de ore \u015fi 1 lun\u0103 preg\u0103tirea examenului de certificare a competen\u021belor).<\/p>\n\n\n\n<p>Absolven\u0163ii programului vor primi Certificat de atestare a competen\u0163elor profesionale specifice programului, \u00eenso\u0163it de un supliment descriptiv care con\u0163ine situa\u0163ia \u015fcolar\u0103, durata \u00een ore a programului, num\u0103rul de credite transferabile acumulate, calificarea universitar\u0103, competen\u0163ele vizate de programul postuniversitar de formare \u015fi dezvoltare profesional\u0103 continu\u0103.<\/p>\n\n\n\n<p>\u00cen elaborarea Planului de \u00cenv\u0103\u0163\u0103m\u00e2nt pentru Programul de Studii postuniversitare Managementul institu\u021biilor prestatoare de servicii sociale \u0219i de s\u0103n\u0103tate s-a urm\u0103rit ca acesta:<\/p>\n\n\n\n<ul class=\"wp-block-list\">\n<li>s\u0103 acopere o arie c\u00e2t mai larg\u0103 din serviciilor sociale \u0219i de s\u0103n\u0103tate;<\/li>\n\n\n\n<li>s\u0103 asigure cursan\u0163ilor gradul de preg\u0103tire necesar sau facilitarea accesului la un loc de munc\u0103 de profil;<\/li>\n\n\n\n<li>s\u0103 aib\u0103 un con\u0163inut flexibil, care s\u0103 poat\u0103 fi modificat \u00een func\u0163ie de cerin\u0163e \u015fi de dinamica domeniului;<\/li>\n\n\n\n<li>s\u0103 asigure perfec\u0163ionarea programei cursurilor, prin ad\u0103ugarea de tematici noi care s\u0103 contribuie la o mai bun\u0103 \u00een\u0163elegere a conceptului de management al institu\u021biilor sociale \u0219i de s\u0103n\u0103tate;<\/li>\n\n\n\n<li>s\u0103 asigure integrarea \u00een spa\u0163iul de curs a unor prelegeri sus\u0163inute de speciali\u015fti invita\u0163i;<\/li>\n\n\n\n<li>s\u0103 asigure cursan\u0163ilor abilit\u0103\u0163ile \u015fi deprinderile necesare gestion\u0103rii unui num\u0103r c\u00e2t mai mare de tipuri de dificult\u0103\u0163i \u015fi disfunc\u0163ii din cadrul activit\u0103\u0163ii de coordonarea activit\u0103\u021bilor desf\u0103\u015furate de institu\u021biile sociale \u0219i de s\u0103n\u0103tate.<\/li>\n<\/ul>\n\n\n\n<p><strong>Programul de studii cuprinde cursuri, seminarii\/laboratoare la urm\u0103toarele discipline:<\/strong><\/p>\n\n\n\n<ol class=\"wp-block-list\">\n<li>Aspecte etice \u00een conducerea \u0219i organizarea serviciilor sociale \u0219i de s\u0103n\u0103tate<\/li>\n\n\n\n<li>Managementul resurselor umane \u00een serviciile sociale \u0219i de s\u0103n\u0103tate<\/li>\n\n\n\n<li>Managementul institu\u021biilor sociale \u0219i socio-medicale<\/li>\n\n\n\n<li>Managementul financiar \u00een serviciile sociale \u0219i de s\u0103n\u0103tate<\/li>\n\n\n\n<li>Diagnoza problemelor sociale \u0219i socio-medicale<\/li>\n\n\n\n<li>Managementul calit\u0103\u021bii serviciilor sociale \u0219i de s\u0103n\u0103tate<\/li>\n\n\n\n<li>Evaluarea programelor \u0219i serviciilor sociale \u0219i de s\u0103n\u0103tate<\/li>\n<\/ol>\n\n\n\n<p><\/p>\n","protected":false},"excerpt":{"rendered":"<p>Coordonator program: Conf. univ. Dr. Radu FLOREA Domeniul de licen\u0163\u0103 pe care se fundamenteaz\u0103 programul de studii: Management Domeniul fundamental: Management Calificarea&nbsp; universitar\u0103 pe care&hellip;<\/p>\n","protected":false},"author":1,"featured_media":0,"parent":66,"menu_order":0,"comment_status":"closed","ping_status":"closed","template":"","meta":{"footnotes":""},"class_list":["post-878","page","type-page","status-publish","hentry"],"_links":{"self":[{"href":"https:\/\/www.ugb.ro\/index.php\/wp-json\/wp\/v2\/pages\/878","targetHints":{"allow":["GET"]}}],"collection":[{"href":"https:\/\/www.ugb.ro\/index.php\/wp-json\/wp\/v2\/pages"}],"about":[{"href":"https:\/\/www.ugb.ro\/index.php\/wp-json\/wp\/v2\/types\/page"}],"author":[{"embeddable":true,"href":"https:\/\/www.ugb.ro\/index.php\/wp-json\/wp\/v2\/users\/1"}],"replies":[{"embeddable":true,"href":"https:\/\/www.ugb.ro\/index.php\/wp-json\/wp\/v2\/comments?post=878"}],"version-history":[{"count":5,"href":"https:\/\/www.ugb.ro\/index.php\/wp-json\/wp\/v2\/pages\/878\/revisions"}],"predecessor-version":[{"id":1725,"href":"https:\/\/www.ugb.ro\/index.php\/wp-json\/wp\/v2\/pages\/878\/revisions\/1725"}],"up":[{"embeddable":true,"href":"https:\/\/www.ugb.ro\/index.php\/wp-json\/wp\/v2\/pages\/66"}],"wp:attachment":[{"href":"https:\/\/www.ugb.ro\/index.php\/wp-json\/wp\/v2\/media?parent=878"}],"curies":[{"name":"wp","href":"https:\/\/api.w.org\/{rel}","templated":true}]}}