{"id":876,"date":"2021-11-15T10:53:45","date_gmt":"2021-11-15T10:53:45","guid":{"rendered":"https:\/\/www.ugb.ro\/?page_id=876"},"modified":"2025-05-14T12:03:12","modified_gmt":"2025-05-14T12:03:12","slug":"specializarea-managementul-achizitiilor","status":"publish","type":"page","link":"https:\/\/www.ugb.ro\/index.php\/studii-2\/studii-postuniversitare\/specializarea-managementul-achizitiilor\/","title":{"rendered":"Specializarea Managementul achizi\u021biilor"},"content":{"rendered":"\n<blockquote class=\"wp-block-quote is-style-default is-layout-flow wp-block-quote-is-layout-flow\">\n<p>Coordonator program: <strong>Conf. univ. Dr. Radu FLOREA<\/strong><\/p>\n\n\n\n<p>Domeniul de licen\u0163\u0103 pe care se fundamenteaz\u0103 programul de studii: <strong>Management<\/strong><\/p>\n\n\n\n<p>Domeniul fundamental:<strong> Management<\/strong><\/p>\n\n\n\n<p>Calificarea&nbsp; universitar\u0103 pe care se fundamenteaz\u0103 programul de studii: <strong>Management cod RNCIS 92<\/strong><\/p>\n\n\n\n<p>Durata studiilor\/ num\u0103r de credite: <strong>1 semestru \/ 20 credite<\/strong><\/p>\n\n\n\n<p>Forma de \u00eenv\u0103\u0163\u0103m\u00e2nt: <strong>\u00cenv\u0103\u021b\u0103m\u00e2nt cu frecven\u021b\u0103 (IF)<\/strong><\/p>\n<\/blockquote>\n\n\n\n<div class=\"wp-block-buttons is-layout-flex wp-block-buttons-is-layout-flex\">\n<div class=\"wp-block-button\"><a class=\"wp-block-button__link wp-element-button\" href=\"https:\/\/admitere.ugb.ro\/inscriere-online\">Inscrie-te online &#8211; Admitere 2025<\/a><\/div>\n<\/div>\n\n\n\n<p><\/p>\n\n\n\n<p><strong>Justificarea oportunit\u0103\u0163ii func\u021bion\u0103rii programului de studii<\/strong><\/p>\n\n\n\n<p>\u00cen contextual actual, caracterizat prin cre\u015fterea concuren\u0163ei, managementul achizi\u0163iilor, fie publice sau private, constituie un domeniu de real interes at\u00e2t pentru sectorul public, c\u00e2t \u015fi pentru sectorul privat sau sectorul nonguvernamental, reprezent\u00e2nd principala modalitate de realizare a obiectivelor fixate de c\u0103tre administra\u0163ia public\u0103, prin utilizarea unor solu\u0163ii sau a unor servicii prestate de c\u0103tre operatorii economici.<\/p>\n\n\n\n<p>Aplicarea cadrului legislativ privind achizi\u0163iile publice \u015fi private de c\u0103tre autorit\u0103\u0163ile contractante precum \u015fi de c\u0103tre beneficiarii priva\u0163i ai fondurilor nerambursabile, presupune o cunoa\u015ftere am\u0103nun\u0163it\u0103 a procedurilor cu caracter juridic\/administrativ ce stau la baza demar\u0103rii procesului la nivelul institu\u0163iilor publice, precum \u015fi o atent\u0103 cunoa\u015ftere a categoriilor de servicii, produse \u015fi lucr\u0103ri ce sunt considerate necesare \u00een vederea satisfacerii interesului general.<\/p>\n\n\n\n<p>Programul r\u0103spunde necesit\u0103\u0163ilor identificate de c\u0103tre administra\u0163ia public\u0103 central\u0103 sau local\u0103, necesit\u0103\u0163i ce trebuie s\u0103 se reg\u0103seasc\u0103 la nivelul obiectivelor manageriale specifice tuturor autorit\u0103\u0163ilor contractante, precum \u015fi la nivelul obiectivelor\/activit\u0103\u0163ilor stabilite \u00een cadrul proiectelor cu finan\u0163are din fonduri nerambursabile de c\u0103tre beneficiarii priva\u0163i.<\/p>\n\n\n\n<p>Grupul \u0163int\u0103 este format din:<\/p>\n\n\n\n<ul class=\"wp-block-list\">\n<li>absolven\u0163i cu diplom\u0103 de licen\u0163\u0103 care lucreaz\u0103 \u00een autorit\u0103\u0163i contractante;<\/li>\n\n\n\n<li>absolven\u0163i cu diplom\u0103 de licen\u0163\u0103, care lucreaz\u0103 \u00een domeniul achizi\u0163iilor, fie publice sau private;<\/li>\n\n\n\n<li>absolven\u0163i cu diplom\u0103 de licen\u0163\u0103 \u00een domeniul \u015ftiin\u0163e economice, administra\u0163ie public\u0103\/european\u0103, drept \u015fi absolven\u0163i cu diplom\u0103 de licen\u0163\u0103 ai altor domenii interesa\u0163i de domeniul achizi\u0163iilor;<\/li>\n\n\n\n<li>absolven\u0163i cu diplom\u0103 de licen\u0163\u0103 care lucreaz\u0103 la beneficiari priva\u0163i implica\u0163i \u00een procesul de absorb\u0163ie a fondurilor nerambursabile.<\/li>\n<\/ul>\n\n\n\n<p>De altfel, Universitatea \u201cGeorge Bacovia\u201d din Bac\u0103u a primit solicit\u0103ri din partea absolven\u0163ilor pentru \u00eenfiin\u0163area acestor cursuri postuniversitare, \u0163in\u00e2ndu-se cont de necesarul de formare \u015fi perfec\u0163ionare \u00een domeniul managementului achizi\u0163iilor.<\/p>\n\n\n\n<p><strong>Misiunea programului de studii postuniversitare<\/strong><strong><\/strong><\/p>\n\n\n\n<p>Programul de studii postuniversitare Managementul achizi\u0163iilor are ca misiune general\u0103 formarea de personal calificat cu preg\u0103tire multidisciplinar\u0103 \u00een domeniul achizi\u0163iilor publice \u015fi private a autorit\u0103\u0163ilor contractante \u015fi a beneficiarilor priva\u0163i ai fondurilor nerambursabile.<\/p>\n\n\n\n<p>Programul de studii postuniversitare \u00ee\u015fi propune \u00een acest sens \u00eendeplinirea urm\u0103toarelor deziderate:<\/p>\n\n\n\n<ul class=\"wp-block-list\">\n<li>satisfacerea cererilor de personal calificat \u00een domeniul managementului achizi\u0163iilor solicitat pe pia\u0163a for\u0163ei de munc\u0103 \u00een contextul actual;<\/li>\n\n\n\n<li>identificarea celor mai bune mijloace, solu\u0163ii \u00een domeniul achizi\u0163iilor;<\/li>\n\n\n\n<li>abordarea \u00eentr-o manier\u0103 interdisciplinar\u0103 at\u00e2t a noilor modific\u0103ri legislative privind achizi\u0163iile publice aplicabile autorit\u0103\u0163ilor contractante, precum \u015fi a noilor reglement\u0103ri aplicabile beneficiarilor priva\u0163i implica\u0163i \u00een procesul de absorb\u0163ie a fondurilor nerambursabile;<\/li>\n\n\n\n<li>cre\u015fterea general\u0103 a eficien\u0163ei activit\u0103\u0163ilor din domeniul achizi\u0163iilor, prin accentuarea competen\u0163ei manageriale.<\/li>\n<\/ul>\n\n\n\n<p><a><strong>COMPETEN\u021aE VIZATE DE PROGRAMUL DE STUDII<\/strong><\/a><\/p>\n\n\n\n<p>C3. Elaborarea \u015fi implementarea sistemului managerial \u015fi a subsistemelor sale (alocare \u015fi realocare de resurse \u015fi activit\u0103\u0163i)<br>C4. Identificarea, selectarea \u015fi utilizarea modalit\u0103\u0163ilor de previzionare, organizare, coordonare, antrenare \u015fi control-evaluare<\/p>\n\n\n\n<p>CON\u0162INUTUL \u015eI DURATA PROGRAMULUI<\/p>\n\n\n\n<p><a><\/a><a><\/a><a><\/a><a>Tipul programului: formare<\/a><\/p>\n\n\n\n<p>Forma de \u00eenv\u0103\u0163\u0103m\u00e2nt: cu frecven\u0163\u0103 (IFR)<\/p>\n\n\n\n<p>Durata programului: 4 luni (3 luni cursuri &nbsp;&#8211; 222 de ore \u015fi 1 lun\u0103 preg\u0103tirea proiectului).<\/p>\n\n\n\n<p>Absolven\u0163ii programului vor primi Certificat de atestare a competen\u0163elor profesionale specifice programului, \u00eenso\u0163it de un supliment descriptiv care con\u0163ine situa\u0163ia \u015fcolar\u0103, durata \u00een ore a programului, num\u0103rul de credite transferabile acumulate, calificarea universitar\u0103, competen\u0163ele vizate de programul postuniversitar de formare \u015fi dezvoltare profesional\u0103 continu\u0103.<\/p>\n\n\n\n<p>\u00cen elaborarea Planului de \u00cenv\u0103\u0163\u0103m\u00e2nt pentru Programul de Studii postuniversitare Managementul achizi\u0163iilor s-a urm\u0103rit ca acesta:<\/p>\n\n\n\n<ul class=\"wp-block-list\">\n<li>s\u0103 acopere o arie c\u00e2t mai larg\u0103 din domeniul achizi\u0163iilor publice \u015fi private;<\/li>\n\n\n\n<li>s\u0103 asigure cursan\u0163ilor gradul de preg\u0103tire necesar sau facilitarea accesului la un loc de munc\u0103 de profil;<\/li>\n\n\n\n<li>s\u0103 aib\u0103 un con\u0163inut flexibil, care s\u0103 poat\u0103 fi modificat \u00een func\u0163ie de cerin\u0163e \u015fi de dinamica domeniului;<\/li>\n\n\n\n<li>s\u0103 asigure perfec\u0163ionarea programei cursurilor, prin ad\u0103ugarea de tematici noi care s\u0103 contribuie la o mai bun\u0103 \u00een\u0163elegere a conceptului de management al achizi\u0163iilor;<\/li>\n\n\n\n<li>s\u0103 asigure integrarea \u00een spa\u0163iul de curs a unor prelegeri sus\u0163inute de speciali\u015fti invita\u0163i;<\/li>\n\n\n\n<li>s\u0103 asigure cursan\u0163ilor abilit\u0103\u0163ile \u015fi deprinderile necesare gestion\u0103rii unui num\u0103r c\u00e2t mai mare de tipuri de dificult\u0103\u0163i \u015fi disfunc\u0163ii din cadrul activit\u0103\u0163ii de achizi\u0163ie desf\u0103\u015furate de autorit\u0103\u0163ile contractante sau de beneficiarii priva\u0163i implica\u0163i \u00een procesul de absorb\u0163ie a fondurilor nerambursabile.<\/li>\n<\/ul>\n\n\n\n<p><strong>Programul de studii cuprinde cursuri, seminarii\/laboratoare la urm\u0103toarele discipline:<\/strong><\/p>\n\n\n\n<ol class=\"wp-block-list\">\n<li>Managementul timpului<\/li>\n\n\n\n<li>Management de proiect \u015fi surse de finan\u0163are<\/li>\n\n\n\n<li>Elemente de drept aplicabile achizi\u0163iilor<\/li>\n\n\n\n<li>Etica \u00een domeniul managementului achizi\u0163iilor<\/li>\n\n\n\n<li>Strategii de ofertare. Practici anticoncuren\u0163iale<\/li>\n\n\n\n<li>Opera\u0163ionalizarea \u015fi monitorizarea contractelor de achizi\u0163ii<\/li>\n\n\n\n<li>Simularea procedurilor de achizi\u0163ie<\/li>\n<\/ol>\n","protected":false},"excerpt":{"rendered":"<p>Coordonator program: Conf. univ. Dr. Radu FLOREA Domeniul de licen\u0163\u0103 pe care se fundamenteaz\u0103 programul de studii: Management Domeniul fundamental: Management Calificarea&nbsp; universitar\u0103 pe care&hellip;<\/p>\n","protected":false},"author":1,"featured_media":0,"parent":66,"menu_order":0,"comment_status":"closed","ping_status":"closed","template":"","meta":{"footnotes":""},"class_list":["post-876","page","type-page","status-publish","hentry"],"_links":{"self":[{"href":"https:\/\/www.ugb.ro\/index.php\/wp-json\/wp\/v2\/pages\/876","targetHints":{"allow":["GET"]}}],"collection":[{"href":"https:\/\/www.ugb.ro\/index.php\/wp-json\/wp\/v2\/pages"}],"about":[{"href":"https:\/\/www.ugb.ro\/index.php\/wp-json\/wp\/v2\/types\/page"}],"author":[{"embeddable":true,"href":"https:\/\/www.ugb.ro\/index.php\/wp-json\/wp\/v2\/users\/1"}],"replies":[{"embeddable":true,"href":"https:\/\/www.ugb.ro\/index.php\/wp-json\/wp\/v2\/comments?post=876"}],"version-history":[{"count":7,"href":"https:\/\/www.ugb.ro\/index.php\/wp-json\/wp\/v2\/pages\/876\/revisions"}],"predecessor-version":[{"id":1723,"href":"https:\/\/www.ugb.ro\/index.php\/wp-json\/wp\/v2\/pages\/876\/revisions\/1723"}],"up":[{"embeddable":true,"href":"https:\/\/www.ugb.ro\/index.php\/wp-json\/wp\/v2\/pages\/66"}],"wp:attachment":[{"href":"https:\/\/www.ugb.ro\/index.php\/wp-json\/wp\/v2\/media?parent=876"}],"curies":[{"name":"wp","href":"https:\/\/api.w.org\/{rel}","templated":true}]}}