{"id":82,"date":"2020-05-11T15:56:34","date_gmt":"2020-05-11T15:56:34","guid":{"rendered":"https:\/\/site.ugb.ro\/?page_id=82"},"modified":"2025-09-26T08:00:56","modified_gmt":"2025-09-26T08:00:56","slug":"contabilitate-financiar","status":"publish","type":"page","link":"https:\/\/www.ugb.ro\/index.php\/administrativ\/contabilitate-financiar\/","title":{"rendered":"Contabilitate Financiar"},"content":{"rendered":"\n<h3 class=\"wp-block-heading\" id=\"program-de-lucru-cu-studen\u021bii-casierie\"><strong>PROGRAM DE LUCRU CU STUDEN\u021aII\/CASIERIE<\/strong><\/h3>\n\n\n\n<blockquote class=\"wp-block-quote is-layout-flow wp-block-quote-is-layout-flow\">\n<p>LUNI &#8211; 13-16<\/p>\n\n\n\n<p>MAR\u021aI &#8211; 10-13<\/p>\n\n\n\n<p>MIERCURI &#8211; 13-16<\/p>\n\n\n\n<p>JOI &#8211; 10-13<\/p>\n\n\n\n<p>VINERI &#8211; 10-13<\/p>\n<\/blockquote>\n\n\n\n<h3 class=\"wp-block-heading\" id=\"situa\u021bii-financiare-ale-universita\u021bii-george-bacovia-din-bacau\"><strong>Calendarul perioadelor de \u00eencasare a taxelor de studii:<\/strong><\/h3>\n\n\n\n<ul class=\"wp-block-list\">\n<li>Tran\u0219a 1 &#8211; \u00een perioada 01-31 octombrie 2025;<\/li>\n\n\n\n<li>Tran\u015fa 2 &#8211; \u00een perioada 01-20 noiembrie 2025;<\/li>\n\n\n\n<li>Tran\u015fa 3 &#8211; \u00een perioada 01-20 decembrie 2025;<\/li>\n\n\n\n<li>Tran\u015fa 4 &#8211; \u00een perioada 01-20 ianuarie 2026;<\/li>\n\n\n\n<li>Tran\u015fa 5 &#8211; \u00een perioada 01-20 februarie 2026;<\/li>\n\n\n\n<li>Tran\u015fa 6 &#8211; \u00een perioada 01-20 martie 2026;<\/li>\n\n\n\n<li>Tran\u015fa 7 &#8211; \u00een perioada 01-20 aprilie 2026.<\/li>\n<\/ul>\n\n\n\n<p>\u00cen conformitate cu&nbsp; prevederile&nbsp; <strong>Art. 7.<\/strong> din contractul anual de studii \u201c Nerespectarea termenului de plat\u0103 al tran\u015felor taxei de studii atrage suportarea unor <strong>penalit\u0103\u0163i de \u00eent\u00e2rziere, \u00een valoare de 3,5 lei\/zi,<\/strong> except\u00e2nd duminicile \u015fi s\u0103rb\u0103torile legale, dar nu mai mult de 50% din tran\u015fa datorat\u0103\u201d.<\/p>\n\n\n\n<p>Pentru a consulta situa\u021bia financiar\u0103 personal\u0103 v\u0103 rugam accesati avizerul electronic al Universitatii George Bacovia, <strong>sectiunea Studii \u2013&gt;Situatie Scolara -&gt; Financiar.<\/strong><strong>SITUA\u021aII FINANCIARE ALE UNIVERSIT\u0102\u021aII GEORGE BACOVIA DIN BAC\u0102U<\/strong><\/p>\n\n\n\n<h3 class=\"wp-block-heading\" id=\"plata-taxelor-poate-fi-facuta-intr-una-din-modalita\u021bile-de-mai-jos\"><strong>Plata taxelor poate fi f\u0103cut\u0103 \u00eentr-una din modalit\u0103\u021bile de mai jos:<\/strong><\/h3>\n\n\n\n<ul class=\"wp-block-list\">\n<li>Prin virament bancar, preciz\u00e2nd \u00een detaliile pl\u0103\u021bii <strong>numele, prenumele, CNP-ul \u0219i tipul taxei<\/strong> (taxa de studii, taxa de reexaminare etc.), \u00eentr-unul din urm\u0103toarele conturi:\n<ul class=\"wp-block-list\">\n<li>BRD BAC\u0102U \u2013 RO50 BRDE 040S V037 2154 0400<\/li>\n\n\n\n<li>BCR BAC\u0102U \u2013 RO67 RNCB 0026 0308 8841 0009<\/li>\n<\/ul>\n<\/li>\n<\/ul>\n\n\n\n<ul class=\"wp-block-list\">\n<li>Cu numerar \u00eentr-una din variantele urm\u0103toare:\n<ul class=\"wp-block-list\">\n<li>la ghi\u0219eul oric\u0103rei agen\u021bii din \u021bar\u0103 a uneia dintre b\u0103ncile de mai sus, preciz\u00e2nd <strong>numele, prenumele, CNP-ul \u0219i tipul taxei<\/strong> (taxa de studii, taxa de reexaminare etc.)<\/li>\n\n\n\n<li>la sediul universit\u0103\u021bii, de luni p\u00e2n\u0103 vineri \u00een intervalul orar 10-13.<\/li>\n<\/ul>\n<\/li>\n<\/ul>\n\n\n\n<h3 class=\"wp-block-heading\" id=\"universitatea-george-bacovia-din-bacau-a-stabilit-pentru-anul-universitar-2021-2022-urmatoarele-taxe\"><strong>Universitatea George Bacovia din Bac\u0103u a stabilit pentru anul universitar 2025-2026 urm\u0103toarele taxe:<\/strong><\/h3>\n\n\n\n<ul class=\"wp-block-list\">\n<li>Taxe pentru specializ\u0103rile de licen\u021b\u0103 \u0219i master &#8211; <a href=\"https:\/\/drive.google.com\/file\/d\/1kTACAUpqWaR4oJtPgDCtWLu3a-8BSNz5\/view?usp=drive_link\" target=\"_blank\" rel=\"noreferrer noopener\">click aici<\/a>;\n<ul class=\"wp-block-list\">\n<li>Specializarea Informatic\u0103 &#8211; <a href=\"https:\/\/drive.google.com\/file\/d\/1ssWApwQUVwA1g5R5GAdbjKH-QvsJeFFQ\/view?usp=sharing\" target=\"_blank\" rel=\"noreferrer noopener\">click aici<\/a>;<\/li>\n<\/ul>\n<\/li>\n\n\n\n<li>Taxe pentru specializ\u0103rile postuniversitare &#8211; <a href=\"https:\/\/drive.google.com\/file\/d\/17BDV6MT0qkdDqDt7GliWeyT7qAgY_Jeo\/view?usp=drive_link\" target=\"_blank\" rel=\"noreferrer noopener\">click aici<\/a>;<\/li>\n\n\n\n<li>Alte tipuri de taxe &#8211; <a href=\"https:\/\/drive.google.com\/file\/d\/1qC0_FdhcXBtc1Dxt9U1g8unSB92uUtCp\/view?usp=drive_link\" target=\"_blank\" rel=\"noreferrer noopener\">click aici<\/a>.<\/li>\n\n\n\n<li>Informare generala privind taxele &#8211; <a href=\"https:\/\/drive.google.com\/file\/d\/1Fg4Is963OewfcSRWuyjTJHj0cj2vHUN7\/view?usp=sharing\" target=\"_blank\" rel=\"noreferrer noopener\">click aici<\/a>.<\/li>\n<\/ul>\n\n\n\n<h3 class=\"wp-block-heading\" id=\"universitatea-george-bacovia-din-bacau-a-stabilit-pentru-anul-universitar-2021-2022-urmatoarele-taxe\"><strong>Universitatea George Bacovia din Bac\u0103u a stabilit pentru anul universitar 2024-2025 urm\u0103toarele taxe:<\/strong><\/h3>\n\n\n\n<ul class=\"wp-block-list\">\n<li>Taxe pentru specializ\u0103rile de licen\u021b\u0103 \u0219i master &#8211; <a href=\"https:\/\/drive.google.com\/file\/d\/1AgAXof9zgYMITms9nalkrDyE1LccRWkJ\/view?usp=drive_link\" target=\"_blank\" rel=\"noreferrer noopener\">click aici<\/a>;<\/li>\n\n\n\n<li>Taxe pentru specializ\u0103rile postuniversitare &#8211; <a href=\"https:\/\/drive.google.com\/file\/d\/1uygIZjrGf-snq8UVFRJW4ofGrUZpd2Po\/view?usp=drive_link\" target=\"_blank\" rel=\"noreferrer noopener\">click aici<\/a>;<\/li>\n\n\n\n<li>Alte tipuri de taxe &#8211; <a href=\"https:\/\/drive.google.com\/file\/d\/17mveL9eDxWjbcZLBKZZI-eYC8HO_an_o\/view?usp=drive_link\" target=\"_blank\" rel=\"noreferrer noopener\">click aici<\/a>.<\/li>\n<\/ul>\n\n\n\n<h3 class=\"wp-block-heading\" id=\"calendarul-perioadelor-de-incasare-a-taxelor-de-studii\"><strong>Situa\u021bii financiare<\/strong><\/h3>\n\n\n\n<ul id=\"block-53a62536-76ba-4114-9719-bfe1e20c5ef2\" class=\"wp-block-list\">\n<li>Situa\u021bia financiar\u0103 &#8211; 2024 &#8211; <a href=\"https:\/\/drive.google.com\/file\/d\/1BXbURlZOD6zwYFjNo8dMjR8V9k9lhVxg\/view?usp=drive_link\" target=\"_blank\" rel=\"noreferrer noopener\">click aici<\/a>.\n<ul class=\"wp-block-list\">\n<li>Raportul auditorului independent &#8211; 2024 &#8211; <a href=\"https:\/\/drive.google.com\/file\/d\/1Bb8OTFGz25ya43Zo7m8cNdeaJOOAjetR\/view?usp=drive_link\" target=\"_blank\" rel=\"noreferrer noopener\">click aici<\/a>.<\/li>\n<\/ul>\n<\/li>\n\n\n\n<li>Situa\u021bia financiar\u0103 &#8211; 2023 &#8211; <a href=\"https:\/\/drive.google.com\/file\/d\/1mSM9-x0_xIFGDTHslP_yNvACOzv7QWOo\/view?usp=drive_link\" target=\"_blank\" rel=\"noreferrer noopener\">click aici<\/a>.\n<ul class=\"wp-block-list\">\n<li>Raportul auditorului independent &#8211; 2023 &#8211; <a href=\"https:\/\/drive.google.com\/file\/d\/184SezryJOpru6u6mnfLY-0LyV4i2MmUu\/view?usp=drive_link\" target=\"_blank\" rel=\"noreferrer noopener\">click aici<\/a>.<\/li>\n<\/ul>\n<\/li>\n\n\n\n<li>Situa\u021bia financiar\u0103 &#8211; 2022 &#8211; <a href=\"https:\/\/drive.google.com\/file\/d\/1FF7sIzpl3n2Kd2OiuFsA55rID4JfKw2-\/view?usp=share_link\" target=\"_blank\" rel=\"noreferrer noopener\">click aici<\/a>.\n<ul class=\"wp-block-list\">\n<li>Raportul auditorului independent &#8211; 2022 &#8211; <a href=\"https:\/\/drive.google.com\/file\/d\/1fxlNf059ugCA0dS26RpjjCiLZQqdfDk0\/view?usp=share_link\" target=\"_blank\" rel=\"noreferrer noopener\">click aici<\/a>.<\/li>\n<\/ul>\n<\/li>\n\n\n\n<li>Situa\u021bia financiar\u0103 &#8211; 2021 &#8211; <a rel=\"noreferrer noopener\" href=\"https:\/\/drive.google.com\/file\/d\/12gOE-w_95m3VH4m2AJJnEYTWSzyEedRd\/view?usp=sharing\" target=\"_blank\">click aici<\/a>.\n<ul class=\"wp-block-list\">\n<li>Raportul auditorului independent &#8211; 2021 &#8211; <a href=\"https:\/\/drive.google.com\/file\/d\/12eI-tsyzjri8ejo2HBpmUWywRbKG3y_1\/view?usp=sharing\" target=\"_blank\" rel=\"noreferrer noopener\">click aici<\/a>.<\/li>\n<\/ul>\n<\/li>\n\n\n\n<li>Situa\u021bia financiar\u0103 &#8211; 2020 &#8211; <a rel=\"noreferrer noopener\" href=\"https:\/\/drive.google.com\/file\/d\/1zldh0rul2Z-cnMjsSmAJnQPETL0KvGXp\/view?usp=sharing\" target=\"_blank\">click aici<\/a>.\n<ul class=\"wp-block-list\">\n<li>Raportul auditorului independent &#8211; 2020 &#8211; <a href=\"https:\/\/drive.google.com\/file\/d\/16KM1RVOud-UHY1JD8PZSJ0uLcoBS6QfG\/view?usp=sharing\" target=\"_blank\" rel=\"noreferrer noopener\">click aici<\/a>.<\/li>\n<\/ul>\n<\/li>\n<\/ul>\n","protected":false},"excerpt":{"rendered":"<p>PROGRAM DE LUCRU CU STUDEN\u021aII\/CASIERIE LUNI &#8211; 13-16 MAR\u021aI &#8211; 10-13 MIERCURI &#8211; 13-16 JOI &#8211; 10-13 VINERI &#8211; 10-13 Calendarul perioadelor de \u00eencasare a&hellip;<\/p>\n","protected":false},"author":1,"featured_media":0,"parent":161,"menu_order":0,"comment_status":"closed","ping_status":"closed","template":"","meta":{"footnotes":""},"class_list":["post-82","page","type-page","status-publish","hentry"],"_links":{"self":[{"href":"https:\/\/www.ugb.ro\/index.php\/wp-json\/wp\/v2\/pages\/82","targetHints":{"allow":["GET"]}}],"collection":[{"href":"https:\/\/www.ugb.ro\/index.php\/wp-json\/wp\/v2\/pages"}],"about":[{"href":"https:\/\/www.ugb.ro\/index.php\/wp-json\/wp\/v2\/types\/page"}],"author":[{"embeddable":true,"href":"https:\/\/www.ugb.ro\/index.php\/wp-json\/wp\/v2\/users\/1"}],"replies":[{"embeddable":true,"href":"https:\/\/www.ugb.ro\/index.php\/wp-json\/wp\/v2\/comments?post=82"}],"version-history":[{"count":40,"href":"https:\/\/www.ugb.ro\/index.php\/wp-json\/wp\/v2\/pages\/82\/revisions"}],"predecessor-version":[{"id":1804,"href":"https:\/\/www.ugb.ro\/index.php\/wp-json\/wp\/v2\/pages\/82\/revisions\/1804"}],"up":[{"embeddable":true,"href":"https:\/\/www.ugb.ro\/index.php\/wp-json\/wp\/v2\/pages\/161"}],"wp:attachment":[{"href":"https:\/\/www.ugb.ro\/index.php\/wp-json\/wp\/v2\/media?parent=82"}],"curies":[{"name":"wp","href":"https:\/\/api.w.org\/{rel}","templated":true}]}}