{"id":1770,"date":"2025-07-03T09:01:08","date_gmt":"2025-07-03T09:01:08","guid":{"rendered":"https:\/\/www.ugb.ro\/?page_id=1770"},"modified":"2025-07-03T10:18:24","modified_gmt":"2025-07-03T10:18:24","slug":"specializarea-informatica","status":"publish","type":"page","link":"https:\/\/www.ugb.ro\/index.php\/studii-2\/studii-de-licenta\/specializarea-informatica\/","title":{"rendered":"Specializarea Informatic\u0103"},"content":{"rendered":"\n<blockquote class=\"wp-block-quote is-style-default is-layout-flow wp-block-quote-is-layout-flow\">\n<p>Coordonator program: <strong>Conf. univ. Dr. Daniel GHERASIM<\/strong><\/p>\n\n\n\n<p>Domeniul de licen\u0163\u0103: <strong>INFORMATIC\u0102<\/strong><\/p>\n\n\n\n<p>Durata studiilor \/ num\u0103rul de credite transferabile ECTS: <strong>3 ANI (6 SEMESTRE)\/ 180 CREDITE<\/strong><\/p>\n\n\n\n<p>Forma de \u00eenv\u0103\u0163\u0103m\u00e2nt: <strong>\u00ceNV\u0102\u0162\u0102M\u00c2NT CU FRECVEN\u0162\u0102 (IF)<\/strong><\/p>\n<\/blockquote>\n\n\n\n<p>Misiunea fundamental\u0103 a programului de studii universitare de licen\u0163\u0103 Informatic\u0103 este preg\u0103tirea de speciali\u0219ti informaticieni care posed\u0103 cuno\u0219tin\u021be solide de informatic\u0103 \u0219i abilitatea de a le aplica \u00een rezolvarea unor probleme specifice diferitelor domenii. Programul \u00ee\u0219i propune s\u0103 ofere bagajul de cuno\u0219tin\u021be \u0219i competen\u021be care s\u0103 le permit\u0103 absolven\u021bilor integrarea facil\u0103 \u00een industria IT dar \u0219i posibilitatea de a continua preg\u0103tirea profesional\u0103 prin programe masterale \u0219i integrarea ulterioar\u0103 \u00eentr-o activitate de cercetare \u00een domeniul&nbsp;informaticii.<\/p>\n\n\n\n<div class=\"wp-block-buttons is-layout-flex wp-block-buttons-is-layout-flex\">\n<div class=\"wp-block-button is-style-fill\"><a class=\"wp-block-button__link wp-element-button\" href=\"https:\/\/admitere.ugb.ro\/inscriere-online\">Pre-\u00eenscrie-te online &#8211; Admitere 2025<\/a><\/div>\n<\/div>\n\n\n\n<p><\/p>\n\n\n\n<p><strong>OBIECTIVELE PROGRAMULUI DE STUDII UNIVERSITARE DE LICEN\u0162\u0102 INFORMATIC\u0102<\/strong><\/p>\n\n\n\n<p><strong><em>Obiectivele programului de studiu universitar de licen\u0163\u0103 Informatic\u0103<\/em><\/strong> sunt urm\u0103toarele:<\/p>\n\n\n\n<p>Obiectivele programului de studii universitare de licen\u0163\u0103 Informatic\u0103 sunt urm\u0103toarele:<\/p>\n\n\n\n<ol class=\"wp-block-list\">\n<li>Dezvoltarea competen\u021belor cerute de pia\u021ba muncii din domeniul informaticii \u00een conformitate cu calific\u0103rile specifice prev\u0103zute \u00een cadrul na\u021bional al calific\u0103rilor \u0219i \u00een Codul Ocupa\u021biilor din Rom\u00e2nia.<\/li>\n\n\n\n<li>Furnizarea de cuno\u0219tin\u021be fundamentale \u0219i de specialitate \u00een domeniul informaticii cu orientare spre ingineria produselor software;<\/li>\n\n\n\n<li>Dezvoltarea competen\u021belor studen\u021bilor de rezolvare a problemelor \u0219i a abilit\u0103\u021bilor practice \u00een analiza, proiectarea, dezvoltarea, \u00eentre\u021binerea \u0219i utilizarea de sisteme\/aplica\u021bii\/produse informatice precum \u0219i \u00een managementul proiectelor informatice;<\/li>\n<\/ol>\n\n\n\n<p>Aceste obiective sunt realizate prin intermediul activit\u0103\u0163ilor didactice desf\u0103\u015furate \u00een cadrul orelor planificate de curs, seminar \u015fi laborator, precum \u015fi \u00een cadrul activit\u0103\u0163ii de cercetare \u015ftiin\u0163ific\u0103, desf\u0103\u015furat\u0103 de cadrele didactice \u015fi studen\u0163i, materializat\u0103 prin participarea la conferin\u0163e na\u0163ionale \u015fi interna\u0163ionale, congrese, seminarii \u015fi mese rotunde, dar \u015fi, dup\u0103 caz, prin parteneriate \u00eencheiate cu institu\u0163ii de \u00eenv\u0103\u0163\u0103m\u00e2nt din \u0163ar\u0103 \u015fi din str\u0103in\u0103tate, contracte de cercetare etc.<\/p>\n\n\n\n<p>\u00cen vederea \u00eendeplinirii misiunii specifice, Programul de studii de licen\u0163\u0103 Informatic\u0103 \u00ee\u015fi propune urm\u0103toarele <strong><em>obiective privind activitatea didactic\u0103<\/em><\/strong>:<\/p>\n\n\n\n<ul class=\"wp-block-list\">\n<li>aprofundarea, prin planurile de \u00eenv\u0103\u0163\u0103m\u00e2nt \u015fi prin con\u0163inutul cursurilor, seminariilor \u015fi lucr\u0103rilor practice, a cuno\u015ftin\u0163elor \u015ftiin\u0163ifice \u015fi a experien\u0163ei practice \u00een domeniul Informatic\u0103;<\/li>\n\n\n\n<li>asigurarea competen\u0163elor profesionale \u015fi de cercetare \u00een domeniul Informatic\u0103;<\/li>\n\n\n\n<li>dezvoltarea deprinderilor de informare, culegere \u015fi analiz\u0103 a datelor \u015fi informa\u0163iilor din domeniul Informatic\u0103;<\/li>\n\n\n\n<li>cultivarea capacit\u0103\u0163ii de asumare a responsabilit\u0103\u0163ii \u015fi riscului \u00een analiza \u0219i evaluarea cerin\u021belor pentru aplicatiile informatice existente sau noi \u0219i pentru sistemele de operare;<\/li>\n\n\n\n<li>cultivarea competen\u0163elor \u00een proiectarea \u015fi coordonarea activit\u0103\u0163ilor de planificare strategic\u0103 \u015fi \u00een utilizarea sistemelor informa\u0163ionale;<\/li>\n\n\n\n<li>crearea capacit\u0103\u0163ii de a propune \u015fi comunica solu\u0163ii la situa\u0163ii concrete din domeniul informatic;<\/li>\n\n\n\n<li>crearea, at\u00e2t prin intermediul orelor de seminarii \u015fi de lucr\u0103ri practice, c\u00e2t \u015fi prin activitatea de cercetare aplicat\u0103, a competen\u0163elor \u015fi deprinderilor de munc\u0103 necesare exercit\u0103rii, \u00een condi\u0163ii de exigen\u0163\u0103 maxim\u0103, a profesiei de informatician;<\/li>\n\n\n\n<li>imprimarea, prin \u00eentreaga activitate didactic\u0103 \u015fi educativ\u0103, a spiritului de competi\u0163ie \u015fi a deprinderilor de autoformare \u015fi autoperfec\u021bionare, absolut indispensabile \u00een condi\u0163iile actuale \u00een care firmele \u0219i institu\u021biile \u00ee\u015fi desf\u0103\u015foar\u0103 activitatea.<\/li>\n<\/ul>\n\n\n\n<p>Activitatea didactic\u0103 universitar\u0103 nu poate fi conceput\u0103 f\u0103r\u0103 a fi sprijinit\u0103 \u015fi impulsionat\u0103 de o intens\u0103 activitate de cercetare \u015ftiin\u0163ific\u0103 desf\u0103\u015furat\u0103 la nivel de facultate, colectiv \u015fi forma\u0163ie de studiu. Obiectivele care vizeaz\u0103 cercetarea presupun:<\/p>\n\n\n\n<ul class=\"wp-block-list\">\n<li>atragerea \u00een activitatea de cercetare \u0219tiin\u0163ific\u0103 a cadrelor didactice \u015fi a studen\u021bilor cu aptitudini de acest gen \u00een scopul valorific\u0103rii poten\u0163ialului lor creativ \u015fi al stimul\u0103rii dorin\u0163ei acestora de participare la construirea viitorului;<\/li>\n\n\n\n<li>organizarea cercet\u0103rii \u015ftiin\u0163ifice pe teme, subteme, perioade \u015fi colective comune cadre didactice &#8211; studen\u0163i \u00een baza unor planuri de cercetare \u015ftiin\u0163ific\u0103 realizate \u00een cadrul cercurilor \u015ftiin\u0163ifice studen\u0163e\u015fti;<\/li>\n\n\n\n<li>valorificarea cercet\u0103rii cadrelor didactice \u015fi studen\u0163ilor prin sesiuni de comunic\u0103ri \u015ftiin\u0163ifice \u0219i reviste de specialitate, \u00een a\u015fa fel \u00eenc\u00e2t efectele acesteia s\u0103 se fac\u0103 sim\u0163ite \u015fi cunoscute;<\/li>\n\n\n\n<li>instituirea unor rela\u0163ii de colaborare \u00een domeniul cercet\u0103rii cu alte universit\u0103\u0163i \u015fi institute de profil din \u0163ar\u0103 \u015fi str\u0103in\u0103tate, \u00een vederea stimul\u0103rii \u015fi aducerii ei la standardele na\u0163ionale, europene \u015fi mondiale;<\/li>\n\n\n\n<li>sprijinirea studen\u0163ilor \u00een participarea la sesiunile de comunic\u0103ri \u015ftiin\u0163ifice \u015fi conferin\u0163e na\u0163ionale \/ interna\u0163ionale \u015fi \u00een crearea \u015fi organizarea proiectelor proprii de cercetare.<\/li>\n<\/ul>\n\n\n\n<p>Consider\u0103m c\u0103 misiunea specific\u0103 \u015fi obiectivele asumate la programul de studii universitare de licen\u0163\u0103 Informatic\u0103 sunt \u00een concordan\u0163\u0103 cu cerin\u0163ele actuale ale pie\u0163ei muncii din Rom\u00e2nia \u015fi cu cadrul na\u0163ional al calific\u0103rilor.<\/p>\n\n\n\n<p><strong>COMPETEN\u0162E DOB\u00c2NDITE DE ABSOLVEN\u0162I LA FINALIZAREA STUDIILOR<\/strong><\/p>\n\n\n\n<p><strong>Competen\u0163e profesionale:<\/strong><\/p>\n\n\n\n<p>C1. Programarea \u00een limbaje de nivel \u00eenalt;<br>C2. Dezvoltarea \u015fi \u00eentre\u0163inerea aplica\u0163iilor informatice;<br>C3. Utilizarea instrumentelor informatice \u00een context interdisciplinar;<br>C4. Utilizarea bazelor teoretice ale informaticii \u0219i a modelelor formale;<br>C5. Proiectarea \u015fi gestiunea bazelor de date;<br>C6. Proiectarea \u0219i administrarea re\u0163elelor de calculatoare.<\/p>\n\n\n\n<p><strong>Competen\u0163e transversale:<\/strong><\/p>\n\n\n\n<p>CT1. Aplicarea regulilor de munc\u0103 organizat\u0103 \u0219i eficient\u0103, a unor atitudini responsabile fa\u021b\u0103 de domeniul didactic-\u0219tiin\u021bific, pentru valorificarea creativ\u0103 a propriului poten\u021bial, cu respectarea principiilor \u0219i a normelor de etic\u0103 profesional\u0103;<br>CT2. Desf\u0103\u0219urarea eficient\u0103 a activit\u0103\u021bilor organizate \u00eentr-un grup inter-disciplinar \u0219i dezvoltarea capacit\u0103\u021bilor empatice de comunicare inter-personal\u0103, de rela\u021bionare \u0219i colaborare cu grupuri diverse;<br>CT3. Utilizarea unor metode \u0219i tehnici eficiente de \u00eenv\u0103\u021bare, informare, cercetare \u0219i dezvoltare a capacit\u0103\u021bilor de valorificare a cuno\u0219tin\u021belor, de adaptare la cerin\u021bele unei societ\u0103\u021bi dinamice \u0219i de comunicare \u00eentr-o limb\u0103 de circula\u021bie interna\u021bional\u0103.<\/p>\n\n\n\n<p><strong>FINALIT\u0102\u0162I<\/strong><\/p>\n\n\n\n<p>Titlu acordat: Licen\u0163iat \u00een Informatic\u0103<br>Denumire calificare: Informatic\u0103<br>Ocupa\u0163ii care pot fi practicate pe pia\u0163a muncii:<br>251201 \u2013 Analist;<br>251202 \u2013 Programator;<br>251204 \u2013 Programator de sistem informatic;<br>251401 \u2013 Speciali\u0219ti \u00een re\u021bele de calculatoare;<br>251402 \u2013 Specialist \u00een proceduri \u0219i instrumente de securitate a sistemelor informatice;<br>252301 \u2013 Administrator de re\u021bea&nbsp;de&nbsp;calculator.<\/p>\n\n\n\n<p><\/p>\n","protected":false},"excerpt":{"rendered":"<p>Coordonator program: Conf. univ. Dr. Daniel GHERASIM Domeniul de licen\u0163\u0103: INFORMATIC\u0102 Durata studiilor \/ num\u0103rul de credite transferabile ECTS: 3 ANI (6 SEMESTRE)\/ 180 CREDITE&hellip;<\/p>\n","protected":false},"author":1,"featured_media":0,"parent":62,"menu_order":0,"comment_status":"closed","ping_status":"closed","template":"","meta":{"footnotes":""},"class_list":["post-1770","page","type-page","status-publish","hentry"],"_links":{"self":[{"href":"https:\/\/www.ugb.ro\/index.php\/wp-json\/wp\/v2\/pages\/1770","targetHints":{"allow":["GET"]}}],"collection":[{"href":"https:\/\/www.ugb.ro\/index.php\/wp-json\/wp\/v2\/pages"}],"about":[{"href":"https:\/\/www.ugb.ro\/index.php\/wp-json\/wp\/v2\/types\/page"}],"author":[{"embeddable":true,"href":"https:\/\/www.ugb.ro\/index.php\/wp-json\/wp\/v2\/users\/1"}],"replies":[{"embeddable":true,"href":"https:\/\/www.ugb.ro\/index.php\/wp-json\/wp\/v2\/comments?post=1770"}],"version-history":[{"count":3,"href":"https:\/\/www.ugb.ro\/index.php\/wp-json\/wp\/v2\/pages\/1770\/revisions"}],"predecessor-version":[{"id":1776,"href":"https:\/\/www.ugb.ro\/index.php\/wp-json\/wp\/v2\/pages\/1770\/revisions\/1776"}],"up":[{"embeddable":true,"href":"https:\/\/www.ugb.ro\/index.php\/wp-json\/wp\/v2\/pages\/62"}],"wp:attachment":[{"href":"https:\/\/www.ugb.ro\/index.php\/wp-json\/wp\/v2\/media?parent=1770"}],"curies":[{"name":"wp","href":"https:\/\/api.w.org\/{rel}","templated":true}]}}