{"id":144,"date":"2020-05-11T17:09:42","date_gmt":"2020-05-11T17:09:42","guid":{"rendered":"https:\/\/site.ugb.ro\/?page_id=144"},"modified":"2021-03-17T15:15:28","modified_gmt":"2021-03-17T15:15:28","slug":"informatii-de-interes-public","status":"publish","type":"page","link":"https:\/\/www.ugb.ro\/index.php\/despre-noi\/informatii-de-interes-public\/","title":{"rendered":"UGB EVENIMENTE \/ \u0218TIRI"},"content":{"rendered":"\n<figure class=\"wp-block-gallery columns-1 is-cropped wp-block-gallery-1 is-layout-flex wp-block-gallery-is-layout-flex\"><ul class=\"blocks-gallery-grid\"><li class=\"blocks-gallery-item\"><figure><img loading=\"lazy\" decoding=\"async\" width=\"848\" height=\"566\" src=\"https:\/\/www.ugb.ro\/wp-content\/uploads\/2021\/01\/NewsEvents.jpg\" alt=\"ugb evenimente\" data-id=\"659\" data-full-url=\"https:\/\/www.ugb.ro\/wp-content\/uploads\/2021\/01\/NewsEvents.jpg\" data-link=\"https:\/\/www.ugb.ro\/index.php\/despre-noi\/informatii-de-interes-public\/newsevents\/\" class=\"wp-image-659\" srcset=\"https:\/\/www.ugb.ro\/wp-content\/uploads\/2021\/01\/NewsEvents.jpg 848w, https:\/\/www.ugb.ro\/wp-content\/uploads\/2021\/01\/NewsEvents-300x200.jpg 300w, https:\/\/www.ugb.ro\/wp-content\/uploads\/2021\/01\/NewsEvents-768x513.jpg 768w\" sizes=\"auto, (max-width: 848px) 100vw, 848px\" \/><\/figure><\/li><\/ul><\/figure>\n\n\n\n<p>Universitatea Cooperatist Comercial\u0103 din Moldova, \u00een parteneriat cu Universitatea \u201dGeorge Bacovia\u201d din Bac\u0103u organizeaz\u0103 \u00een perioada 18-19 martie 2021, Conferin\u021ba \u015ftiin\u0163ifico-practic\u0103 interna\u021bional\u0103 \u201eDezvoltare economic\u0103 \u0219i cercetare\u201d.<\/p>\n\n\n\n<p>Programul conferin\u021bei poate fi consultat printr-un <a href=\"https:\/\/drive.google.com\/file\/d\/1ylrjFlGqHMFaCt3FSfineLF9dhXeqJPb\/view?usp=sharing\" target=\"_blank\" rel=\"noreferrer noopener\">click aici<\/a>.<\/p>\n\n\n\n<figure class=\"wp-block-image size-large\"><img loading=\"lazy\" decoding=\"async\" width=\"1024\" height=\"910\" src=\"https:\/\/www.ugb.ro\/wp-content\/uploads\/2021\/02\/conferinta-uccm-1024x910.jpg\" alt=\"uccm ugb\" class=\"wp-image-670\" srcset=\"https:\/\/www.ugb.ro\/wp-content\/uploads\/2021\/02\/conferinta-uccm-1024x910.jpg 1024w, https:\/\/www.ugb.ro\/wp-content\/uploads\/2021\/02\/conferinta-uccm-300x267.jpg 300w, https:\/\/www.ugb.ro\/wp-content\/uploads\/2021\/02\/conferinta-uccm-768x683.jpg 768w, https:\/\/www.ugb.ro\/wp-content\/uploads\/2021\/02\/conferinta-uccm-1536x1366.jpg 1536w, https:\/\/www.ugb.ro\/wp-content\/uploads\/2021\/02\/conferinta-uccm.jpg 1858w\" sizes=\"auto, (max-width: 1024px) 100vw, 1024px\" \/><\/figure>\n\n\n\n<hr class=\"wp-block-separator is-style-wide\"\/>\n\n\n\n<p>Universitatea \u201dGeorge Bacovia\u201d din Bac\u0103u, \u00een parteneriat cu Oracle Rom\u00e2nia, ofer\u0103 studen\u021bilor interesa\u021bi acces gratuit la cursuri \u0219i certific\u0103ri Oracle. Unul din cursurile care vine \u00een completarea competen\u021belor studen\u021bilor universit\u0103\u021bii este Primavera. <\/p>\n\n\n\n<p>Cursurile se deruleaz\u0103 online pe platforma Oracle Academy. Certificarea Oracle se ob\u021bine \u00een urm\u0103 sus\u021binerii examenului aferent cursului studiat. Cursurile sunt oferite, \u00een marea majoritate, \u00een limba englez\u0103. Participarea online la cursuri poate fi sincron\u0103 \u0219i asincron\u0103, \u00een func\u021bie de disponibilitatea fiec\u0103rui cursant. <\/p>\n\n\n\n<p>Pentru detalii suplimentare \u0219i \u00eenscriere va rug\u0103m s\u0103 va adresa\u021bi Departamentului Servicii pentru Elevi, studen\u021bi \u0219i absolven\u021bi din cadrul Universit\u0103\u021bii George Bacovia din Bac\u0103u &#8211; <a href=\"https:\/\/www.facebook.com\/hashtag\/dsesa?__eep__=6&amp;__cft__[0]=AZXZUrta6ubegND3fT7IwQKWyrTMtH9rbY7c0WsBFhG12P9lBl35zpBnOM8M6kwJA7G-0k947lNFr9a0r-BWqnoBMSPCN_Gc1qmyqBhr9ICRauOlqFoMi8XqJXvF7m2ORVibJ8hOHwICDmKwqiEOTwnqZUbFQIDxJjOKa1OJrW3tUxsl0xabJB-R3s4jENK6LBU&amp;__tn__=*NK-R\">#DSESA<\/a><\/p>\n","protected":false},"excerpt":{"rendered":"<p>Universitatea Cooperatist Comercial\u0103 din Moldova, \u00een parteneriat cu Universitatea \u201dGeorge Bacovia\u201d din Bac\u0103u organizeaz\u0103 \u00een perioada 18-19 martie 2021, Conferin\u021ba \u015ftiin\u0163ifico-practic\u0103 interna\u021bional\u0103 \u201eDezvoltare economic\u0103 \u0219i&hellip;<\/p>\n","protected":false},"author":1,"featured_media":0,"parent":155,"menu_order":0,"comment_status":"closed","ping_status":"closed","template":"","meta":{"footnotes":""},"class_list":["post-144","page","type-page","status-publish","hentry"],"_links":{"self":[{"href":"https:\/\/www.ugb.ro\/index.php\/wp-json\/wp\/v2\/pages\/144","targetHints":{"allow":["GET"]}}],"collection":[{"href":"https:\/\/www.ugb.ro\/index.php\/wp-json\/wp\/v2\/pages"}],"about":[{"href":"https:\/\/www.ugb.ro\/index.php\/wp-json\/wp\/v2\/types\/page"}],"author":[{"embeddable":true,"href":"https:\/\/www.ugb.ro\/index.php\/wp-json\/wp\/v2\/users\/1"}],"replies":[{"embeddable":true,"href":"https:\/\/www.ugb.ro\/index.php\/wp-json\/wp\/v2\/comments?post=144"}],"version-history":[{"count":5,"href":"https:\/\/www.ugb.ro\/index.php\/wp-json\/wp\/v2\/pages\/144\/revisions"}],"predecessor-version":[{"id":713,"href":"https:\/\/www.ugb.ro\/index.php\/wp-json\/wp\/v2\/pages\/144\/revisions\/713"}],"up":[{"embeddable":true,"href":"https:\/\/www.ugb.ro\/index.php\/wp-json\/wp\/v2\/pages\/155"}],"wp:attachment":[{"href":"https:\/\/www.ugb.ro\/index.php\/wp-json\/wp\/v2\/media?parent=144"}],"curies":[{"name":"wp","href":"https:\/\/api.w.org\/{rel}","templated":true}]}}